7, 12928247
List the prime factors of 489476181.
3, 29, 43, 130841
What are the prime factors of 42016881?
3, 863, 16229
List the prime factors of 60786530.
2, 5, 7, 868379
What are the prime factors of 122786193?
3, 71, 576461
What are the prime factors of 1126584467?
1321, 852827
List the prime factors of 90018058.
2, 13, 3462233
What are the prime factors of 93406600?
2, 5, 7, 137, 487
List the prime factors of 516024767.
2837, 181891
What are the prime factors of 174117584?
2, 10882349
What are the prime factors of 8132208?
2, 3, 7, 24203
List the prime factors of 1307737351.
2861, 457091
List the prime factors of 307547778.
2, 3, 51257963
List the prime factors of 2471691247.
19, 1319, 98627
What are the prime factors of 921121202?
2, 460560601
List the prime factors of 75940094.
2, 37970047
List the prime factors of 2776459757.
71, 39105067
What are the prime factors of 157609615?
5, 211, 149393
What are the prime factors of 123660167?
23, 5376529
What are the prime factors of 64291463?
23, 29, 113, 853
What are the prime factors of 602208771?
3, 233, 701, 1229
List the prime factors of 3183899257.
7, 11, 3759031
What are the prime factors of 34041654?
2, 3, 19, 33179
List the prime factors of 5201520483.
3, 431, 4022831
What are the prime factors of 8527092101?
11, 17, 2682319
What are the prime factors of 474792423?
3, 7, 41, 551443
What are the prime factors of 45896542?
2, 1187, 19333
What are the prime factors of 101165664?
2, 3, 1053809
What are the prime factors of 184736987?
43, 281, 15289
List the prime factors of 140983047.
3, 15664783
What are the prime factors of 179399075?
5, 29, 97, 2551
List the prime factors of 57874822.
2, 2287, 12653
List the prime factors of 58432661.
7, 8347523
List the prime factors of 358383327.
3, 119461109
What are the prime factors of 323910977?
13, 1916633
What are the prime factors of 81406264?
2, 10175783
List the prime factors of 4660692547.
7, 71, 9377651
List the prime factors of 872813280.
2, 3, 5, 307, 5923
What are the prime factors of 151188578?
2, 709, 106621
What are the prime factors of 286024304?
2, 43, 439, 947
List the prime factors of 1576783255.
5, 179, 251, 7019
What are the prime factors of 495493040?
2, 5, 7, 127, 6967
What are the prime factors of 1915665468?
2, 3, 17, 41, 229037
List the prime factors of 100090315.
5, 13, 113, 13627
What are the prime factors of 125277622?
2, 29, 2159959
What are the prime factors of 266748177?
3, 29, 3066071
What are the prime factors of 140131596?
2, 3, 11, 29, 36607
What are the prime factors of 145631241?
3, 7, 97, 23831
List the prime factors of 53231534.
2, 26615767
List the prime factors of 2179196457.
3, 83, 313, 27961
What are the prime factors of 178765548?
2, 3, 13, 113, 10141
List the prime factors of 2228809590.
2, 3, 5, 7, 505399
What are the prime factors of 258989736?
2, 3, 10791239
What are the prime factors of 6572333803?
7, 139, 757, 8923
List the prime factors of 426436890.
2, 3, 5, 11, 463, 2791
List the prime factors of 55017789.
3, 257, 71359
What are the prime factors of 43605955?
5, 8721191
What are the prime factors of 951650491?
11, 229, 377789
List the prime factors of 506859947.
11, 17, 23, 191, 617
List the prime factors of 1525266592.
2, 47664581
List the prime factors of 257206455.
3, 5, 11, 379, 457
What are the prime factors of 9041852826?
2, 3, 167441719
List the prime factors of 26924001.
3, 13, 59, 11701
List the prime factors of 795222828.
2, 3, 22089523
List the prime factors of 156205173.
3, 347, 150053
List the prime factors of 34105812.
2, 3, 13, 218627
List the prime factors of 1190468911.
17, 4451, 15733
What are the prime factors of 671367559?
671367559
What are the prime factors of 142275022?
2, 71137511
List the prime factors of 60336406.
2, 13, 23, 163, 619
What are the prime factors of 665878614?
2, 3, 7867, 14107
List the prime factors of 604662.
2, 3, 179, 563
List the prime factors of 471349979.
293, 1608703
List the prime factors of 133497364.
2, 7, 11, 13, 433
List the prime factors of 1325594610.
2, 3, 5, 14728829
What are the prime factors of 1878876082?
2, 7321, 128321
List the prime factors of 59719593.
3, 19906531
List the prime factors of 34397651.
257, 133843
What are the prime factors of 161406666?
2, 3, 8967037
What are the prime factors of 49747288?
2, 2017, 3083
What are the prime factors of 158962320?
2, 3, 5, 11, 20071
List the prime factors of 725401292.
2, 7, 11, 73, 419
What are the prime factors of 6668141?
953, 6997
List the prime factors of 101124840.
2, 3, 5, 17, 19, 2609
What are the prime factors of 291828972?
2, 3, 29, 838589
What are the prime factors of 1301731638?
2, 3, 643, 337411
List the prime factors of 250048089.
3, 61, 455461
List the prime factors of 513826610.
2, 5, 11, 4671151
What are the prime factors of 118892197?
53, 307, 7307
List the prime factors of 20649638.
2, 47, 219677
List the prime factors of 94162959.
3, 11, 317047
What are the prime factors of 769403327?
7, 11, 113, 88427
List the prime factors of 887813204.
2, 641, 346261
List the prime factors of 6337700853.
3, 11, 23, 31, 47, 521
What are the prime factors of 451084244?
2, 13, 19, 163, 2801
What are the prime factors of 2628323703?
3, 89, 3281303
List the prime factors of 3939789291.
3, 53, 24778549
What are the prime factors of 29861472?
2, 3, 53, 5869
List the prime factors of 435109011.
3, 29, 37, 59, 79
List the prime factors of 172497226.
2, 11, 7840783
What are the prime factors of 883955971?
883955971
List the prime factors of 47172010.
2, 5, 1451, 3251
What are the prime factors of 293167061?
11, 29, 919019
What are the prime factors of 56858984?
2, 7, 13, 83, 941
What are the prime factors of 6258510?
2, 3, 5, 69539
List the prime factors of 1578702761.
19, 83089619
List the prime factors of 497209101.
3, 23, 7205929
What are the prime factors of 2779424130?
2, 3, 5, 7, 61, 216973
What are the prime factors of 15038510?
2, 5, 59, 71, 359
What are the prime factors of 1891255189?
20887, 90547
What are the prime factors of 3419193625?
5, 173, 158113
What are the prime factors of 109362223?
59, 71, 26107
What are the prime factors of 1470200118?
2, 3, 5197, 47149
List the prime factors of 70445434.
2, 35222717
List the prime factors of 3156870041.
13, 1049, 231493
What are the prime factors of 1564910886?
2, 3, 7, 11, 3387253
List the prime factors of 58031831.
11, 13, 405817
List the prime factors of 131414433.
3, 23, 101, 109, 173
What are the prime factors of 280223776?
2, 7, 43, 47, 619
List the prime factors of 1957123882.
2, 7, 139794563
What are the prime factors of 37632848?
2, 11, 37, 5779
List the prime factors of 45832269.
3, 7, 2182489
What are the prime factors of 2739599912?
2, 7, 17, 619, 4649
What are the prime factors of 41554211?
43, 966377
What are the prime factors of 240363595?
5, 17, 541, 5227
List the prime factors of 1208085112.
2, 13, 11616203
What are the prime factors of 35186610?
2, 3, 5, 41, 28607
What are the prime factors of 421860125?
5, 37, 53, 1721
List the prime factors of 2249432375.
5, 17995459
What are the prime factors of 25716776?
2, 37, 283, 307
What are the prime factors of 28316452?
2, 307, 23059
List the prime factors of 68723885.
5, 23, 597599
What are the prime factors of 978958024?
2, 11, 11124523
What are the prime factors of 1228445751?
3, 13, 163, 193243
List the prime factors of 118827632.
2, 7, 11, 96451
What are the prime factors of 638184718?
2, 883, 361373
What are the prime factors of 46536447?
3, 15512149
What are the prime factors of 2237061112?
2, 11, 13, 359, 419
List the prime factors of 20834925.
3, 5, 19, 14621
List the prime factors of 454483715.
5, 7, 31, 373, 1123
What are the prime factors of 176309818?
2, 59, 1494151
What are the prime factors of 2018347612?
2, 23, 743, 29527
What are the prime factors of 31219844?
2, 47, 166063
List the prime factors of 37417607.
2287, 16361
List the prime factors of 191295445.
5, 11, 3478099
What are the prime factors of 3924628738?
2, 17, 131, 881147
What are the prime factors of 801747002?
2, 7, 881, 65003
List the prime factors of 29626847.
3617, 8191
What are the prime factors of 148228305?
3, 5, 9881887
List the prime factors of 83274211.
17, 61, 131, 613
List the pri